Give r(l).
-6
Let u(r) = -r**2 - 8*r - 5. Let y be u(-6). Suppose -30 = -4*m - m. Let l(z) = -z**2 - z. Let c(d) = 7*d**2 - d + 2. Let g(b) = m*l(b) + c(b). What is g(y)?
2
Let o(x) = -x**2 + 5*x + 24. Let b be o(0). Let l = 17 - b. Let d(j) = j**3 + 8*j**2 + 8*j - 5. Give d(l).
-12
Let j = 58 + -101. Let v be -1 - (j - 6/(-2)). Let w be 6/v - (-33)/39. Let y(h) = 8*h**2 + 2*h - 1. Calculate y(w).
9
Let q(z) = -z + 21*z**2 + 23*z**2 - 67*z**2 + 2 + 22*z**2. Let u(n) = n**3 - 3*n**2 - 6*n + 6. Let l be u(4). What is q(l)?
0
Let t(o) = -o**3 + 4*o**2 - 3*o - 4. Let u be (3/9)/(3/63). Suppose u*q - 36 = 3*q. Suppose -q = -5*c + 2*c. Calculate t(c).
-4
Let u(p) be the second derivative of p**4/12 - p**3/6 - 2*p**2 - p. Suppose 12*n = -89 + 41. Give u(n).
16
Let s(k) be the third derivative of -k**5/60 + k**4/2 - k**3 + 174*k**2. Determine s(6).
30
Suppose 12*g = -0*g - 48. Let x be (1 - 1)/(g - (-6 - -4)). Let z(j) = -j + 18. Calculate z(x).
18
Suppose -3*t = -5*a + 46, 27 = 4*a - 4*t - 5. Let y(i) = 5*i - a*i + 4*i + 3*i. Suppose -5*l + 5*v - 33 = -l, 5*l = -3*v + 5. Determine y(l).
-2
Let s = -29 - -24. Let w(a) = a + 3. Let z(l) = -l - 2. Let m(p) = s*z(p) - 4*w(p). Calculate m(-6).
-8
Let a(p) = -19*p**2. Let v = 997 + -998. Determine a(v).
-19
Let f(v) = -5 - 63*v - 62*v - 19 - 61*v + 183*v. What is f(-8)?
0
Let o(i) = 3*i**2 + 2*i + 2. Let y(d) = d**3 + 9*d**2 - d - 11. Suppose -5*v + 24 = 69. Let j be y(v). Let w be -3 + 5 + (-6 - j). What is o(w)?
10
Let w = -83 - -122. Let t = w + -25. Let o(f) = -t + f + 16 + f - 3*f**2. Give o(-2).
-14
Suppose 3*z - 2*j - 219 = j, 2*j - 204 = -3*z. Suppose -3*r = 5*l - 5 - 59, -l = 5*r - z. Let m(u) = -27*u**3 + u + 17*u**3 + r*u**3 + 1. Give m(-1).
-3
Let c(w) be the second derivative of -1/2*w**3 + 0 - w**2 + 13*w + 1/4*w**4. What is c(-2)?
16
Let f(m) = -m**2 - 6*m - 4. Let v(l) = -l**3 - 14*l**2 + l + 18. Let i be v(-14). Let z be -1*(i + -4 + 3). What is f(z)?
5
Let j(y) = -18*y**2 + 36*y**3 - 74*y**3 + 0 - 9 + 39*y**3. Give j(18).
-9
Let r(n) be the third derivative of 0*n**3 + 1/24*n**4 + 11*n**2 + 13/120*n**6 + 0 + 1/30*n**5 + 0*n. Calculate r(-1).
-12
Let d(a) = 7*a**2 - 3*a + 3. Let y(o) = 8*o**2 - 2*o + 2. Let w(p) = 7*d(p) - 6*y(p). Calculate w(6).
-9
Let r(f) = -f - 21. Let j be 4*(9/6)/(-3). Let v(o) = 3*o + 6. Let k be v(j). Determine r(k).
-21
Let m(y) = y**3 + 5*y**2 - 3*y - 1. Let f = 24 - 30. Give m(f).
-19
Let i(b) = 2*b**2. Let f(l) = l**3 - 8*l**2 - 10*l + 13. Let o be (6/5)/(28/210). Let m be f(o). Suppose -6*r = -7*r - 5*z - 3, -4*r - m*z = -4. Determine i(r).
8
Let d = -24 + 21. Suppose -4*a - 4 = -0*a. Let p = d + a. Let s(w) = -w**2 - 4*w + 4. Determine s(p).
4
Let v = -1183 - -1174. Let s(m) = 3*m + 4. Determine s(v).
-23
Let l(b) = -3*b - 122. Let q be l(-38). Let a(d) = d**3 + 9*d**2 + 4*d - 11. Determine a(q).
21
Let o(h) = 3*h**2 + 3*h + 1. Let f(q) = 7*q**2 + 7*q + 1. Let y(b) = -2*f(b) + 5*o(b). What is y(-3)?
9
Let q(w) = 13*w**2 + 7*w + 52. Let n(x) = 7*x**2 + 3*x + 23. Let h(j) = -9*n(j) + 4*q(j). Suppose 5*o + 1 = -p, 0 = -p - 2*p + 12. What is h(o)?
-11
Let c(z) = -8*z + 8. Let d(o) = -o + 1. Let j(q) = 2*c(q) - 18*d(q). Suppose 0 = p + 3*p + u - 17, 5*u - 13 = -2*p. Give j(p).
6
Let b(f) = -f**3 + 4*f**2 + f - 4. Let p(w) = -w - 3. Let h be p(10). Let u = h - -17. Give b(u).
0
Let c(p) = p**3 - p**2 + 11*p - 5. Let x(t) = 2*t**3 + t**2 + 22*t - 10. Let m(r) = 9*c(r) - 4*x(r). What is m(12)?
-17
Let w(y) be the third derivative of y**4/12 + 3*y**3/2 + 2*y**2 - 2*y. Determine w(-7).
-5
Let x(n) = -n**2 + 0*n**2 + n + 96 - 97. Let k(w) = -5*w**2 - w - 6. Let j(p) = k(p) - 3*x(p). What is j(-3)?
-9
Let f(g) = -g**3 - 8*g**2 - 6*g + 5. Let b = -1040 - -1033. What is f(b)?
-2
Suppose 0 = -m + 4*g - 12, 0*g - 5*g + 10 = 0. Let y be (1 - 1 - -1)*-2. Let t be (-3)/(12/m)*y. Let x(o) = o**2 + 3*o - 1. Determine x(t).
-3
Let n be (-7)/9 - (-10)/(-45). Let o(r) = 997 + 5*r**2 + 3*r + 5*r**2 - 2*r - 996. Give o(n).
10
Let u = -2 - -6. Let k(q) = q - 4. Let l be k(u). Suppose l = -2*w + 3*r + 2, -2 - 2 = -4*w - r. Let o(h) = -7*h**2 + h. Give o(w).
-6
Let t(a) = 2*a + 3. Let z be 1/(-3)*-15 - -3. Suppose 3*c - 10 = z*c. Determine t(c).
-1
Let d = -15 + 17. Suppose d*c - 60 - 34 = 0. Let x(b) = 3 + c*b - b**2 + 3 - 5 - 43*b. Calculate x(2).
5
Suppose -5*p + 11*j = 8*j + 40, -4*j + 30 = -2*p. Let f(v) = v**3 + 5*v**2 + v - 6. Give f(p).
-11
Let b(t) = 9*t**3 + 5*t**2 + 7*t + 20. Let n(w) = -5*w**3 - 2*w**2 - 4*w - 10. Let k be (-836)/143 + (-2)/13. Let u(v) = k*b(v) - 11*n(v). Calculate u(8).
6
Suppose -2*y = 4*x + 3*y + 39, -5*x = y + 75. Let g = -13 - x. Let d(b) = -b**2 + 2. Determine d(g).
-7
Let p(c) = c - 2*c**2 + 181 - c**3 - c**3 - 183. Determine p(-2).
4
Let f = 17 - 13. Let z(y) = 4*y - 7. Let h(t) = 11*t - 20. Let a(b) = -3*h(b) + 8*z(b). Calculate a(f).
0
Let i(p) = 9*p + 9. Let g(d) = 5*d + 5. Suppose m - a - 4 = 0, -4*a - 5 = 5*m - 52. Let f(k) = m*g(k) - 4*i(k). What is f(-1)?
0
Let l(r) be the third derivative of -r**5/60 - 11*r**4/24 + 35*r**3/6 - 23*r**2. Let t(n) be the first derivative of l(n). Give t(-6).
1
Let a(b) = 29*b - 7. Let t(r) = 44*r - 11. Let s(x) = -8*a(x) + 5*t(x). Let h(q) = -2 - 2*q**3 - 5 + 1 - 4*q**2 - 4*q + 3*q**3. Let g be h(5). Determine s(g).
13
Suppose m + 7 = -2*p - 4, -4*m + 3*p = 22. Let c(h) = -24*h**3 + 0 + 2*h + 23*h**3 + 5*h - 6*h**2 + 8. Give c(m).
8
Let m(s) be the second derivative of -s**4/6 + s**3/6 - s**2/2 + s + 17. Determine m(2).
-7
Let w(o) be the third derivative of 0 + 1/24*o**4 - 1/6*o**3 + 0*o + o**2. Let h be 9 + -7 + 8 + -4. Calculate w(h).
5
Let z(s) = -164*s**2 + 0*s + 7 + 163*s**2 + 4*s. Determine z(7).
-14
Let s(h) = -10*h**3 + 45*h**2 - 25*h + 58. Let z(r) = 7*r**3 - 30*r**2 + 20*r - 39. Let q(k) = 5*s(k) + 7*z(k). Calculate q(16).
1
Let k(u) = u**2 - 14*u + 25. Let o be k(18). Suppose 3*n = -o + 112. Let h(l) = -7*l + 7. Determine h(n).
-28
Let y(o) = 2*o**2 - o. Suppose z + 2 = -z. Let v be y(z). Suppose -u + r = -2*r + 5, v = 5*u - r. Let l(i) = 7*i**3 - i + 1. Determine l(u).
7
Let o(g) = g**2 + 1. Let s(t) = 6*t + 2. Let n(q) = 5*o(q) - s(q). Let i(x) = -9*x**2 + 11*x - 6. Let j(w) = 4*i(w) + 7*n(w). Calculate j(2).
-3
Suppose 0 = 2*h + h - 9. Let a(q) = -2*q + 13. Let k(n) = n + 0 - n + 7 - n. Let r(b) = h*a(b) - 7*k(b). Determine r(7).
-3
Let v(y) = 265*y**2 + 261*y**2 - 12*y**3 + 14*y**3 - 525*y**2. What is v(2)?
20
Suppose 5*u - a - 30 = 4*a, 4*u + 2*a = 42. Let j(y) = 2*y - 9. Determine j(u).
9
Let t(l) = 2*l**2 - 2. Let h(m) = -9*m**2 + 2. Let z(n) = -h(n) - 5*t(n). Determine z(-4).
-8
Let i(w) = w**2 - 18*w + 2. Let o be i(18). Let m(x) be the second derivative of -1/2*x**o + 0 - 6*x - 2/3*x**3 - 1/12*x**4. Give m(-5).
-6
Let d be 8 + 3/3 + -1. Let a(w) be the second derivative of -w**3/6 - 5*w**2 + 41*w. What is a(d)?
-18
Let d(m) = -23*m + 1. Let g be 27/3 - (4 + 4). What is d(g)?
-22
Let u(t) = t**3 + 2*t**2 - 2*t - 2. Suppose 12*n - 10*n = -4*s + 6, 5*n = -3*s + 15. Give u(n).
37
Let x(l) = l**2 + 8*l + 5. Suppose 7*b - 102 = -151. Determine x(b).
-2
Let i(d) = -d**3 - 3*d**2 + 3*d. Let v be i(-4). Let a(f) = 70 + v*f - 67 + 6*f. Calculate a(-2).
-17
Let o(g) = g**2 + 7*g - 4. Let z be (-120)/(-72) - 78/9. Determine o(z).
-4
Let q(m) = 6. Let z(h) = h - 12. Let o(t) = -5*q(t) - 2*z(t). What is o(5)?
-16
Let y(h) = -h + 7. Let w be y(-7). Let p = w - 1. Let c(d) = 9*d + 6*d - p*d - 6. What is c(5)?
4
Suppose -2*k + 20 = -6*k. Let j be -1 - -5 - (-5)/k. Let t(m) = 1 + 2*m**3 + 4*m**2 - 4*m - 4*m**3 + 0 + 3*m**j. What is t(-5)?
-4
Let n(s) be the first derivative of 1/2*s**2 - 3*s - 19 + 1/3*s**3. Determine n(0).
-3
Let i(x) = -x**3 + 8*x**2 - 8*x - 4. Let v(a) = -a + 24. Let d be v(20). Suppose 2*y = -r + 11 + 3, 4*y - 40 = -d*r. Calculate i(r).
20
Let p(u) = 1 - 6*u + u**2 + 5*u - 6*u + 0*u. Suppose 0 = -6*n - 33 + 75. What is p(n)?
1
Let k(d) = 18*d**2 - 37*d + 3. Let s be k(2). Let p(f) = -f**3 + f**2 - 2*f + 1. Give p(s).
-1
Let f(v) be the second derivative of 2/3*v**3 - 5/12*v**4 - 1/2*v**2 + 1/20*v**5 + 0 + 15*v. Determine f(4).
-1
Let r(m) be the second derivative of m**3/6 - 5*m**2/2 + 7*m. Suppose 2 = l + 2*v, 2*l - 4*v = -9*v + 2. Calculate r(l).
1
Let o be (1 - 8)*(-568)/497. Let